)/4?
3
Suppose 0*o + 4*o = 5*r + 742, 3*r = 3*o - 555. Suppose -4*c + 37 = -o. What is the tens digit of c?
5
Let j(t) = 116*t - 18. What is the hundreds digit of j(3)?
3
Let c be 7/14 - (-2)/4. Suppose -2*r + 2 = 38. What is the tens digit of (-3 - r) + 3/c?
1
Let j = 882 - -3306. What is the hundreds digit of j?
1
Suppose 0 = -4*s + 5*y + 146, s = -s + y + 76. Suppose -196 + s = -3*m - 5*q, 0 = 2*q - 4. What is the tens digit of m?
4
Suppose 2*i + b + b - 2 = 0, 0 = 5*b - 25. Let q be 1/(2/(-32)*i). Suppose q*h = 133 + 75. What is the tens digit of h?
5
Let n be -3 - (-14 + 17)/(6/(-8)). Let f = -2 - -74. What is the tens digit of f/2 + -2*n?
3
Suppose 4*m - 5*s - 906 - 2443 = 0, -4*m - s + 3319 = 0. What is the tens digit of m?
3
Let g(q) = q**3 - 12*q**2 + 7*q. Let l be g(5). Let t = -91 - l. What is the units digit of t?
9
Let j(h) = 38*h**3 - h**2 + 1. Let q be j(-1). Let y = 19 - q. What is the units digit of y?
7
Suppose -1640 = 40*n - 42*n. What is the units digit of n?
0
Suppose -2*z + x + 1184 = 0, -3*x - 2958 = 5*z - 10*z. What is the hundreds digit of z?
5
Let i(d) = -14*d - 66. Let b be i(-5). Suppose b*g = 3*l + 516, g + 0*l - 138 = 3*l. What is the hundreds digit of g?
1
Suppose 0*x - 20*x = -34400. What is the units digit of x?
0
Let u(q) = -q**2 - 5*q + 630. What is the units digit of u(0)?
0
Let s(j) = -j - 27. Let h be s(9). What is the units digit of (-1160)/h - 4/18?
2
Let h(g) be the second derivative of 11*g**3/2 - 3*g**2 - 4*g. What is the units digit of h(4)?
6
Let w = 9 + -8. Let v be w*1*21/3. Suppose 0 = -2*i + v*i - 10. What is the units digit of i?
2
Suppose 4*r + 2361 = 5*t - 0*r, -1894 = -4*t - 2*r. What is the units digit of t?
3
Let x(g) = 2*g + 5. Let r be x(-14). Let t = 25 + r. What is the units digit of ((-18)/(-3))/t - -38?
1
Suppose -4*j = -4*x - 6*j - 26, 2 = -2*j. Let f(h) = -2*h - 6*h - 1 + 2 + 0. What is the tens digit of f(x)?
4
Suppose 2478 - 99 = -13*g. Let h = g + 385. What is the tens digit of h?
0
Suppose -12 = d + 2*d - 3*v, -8 = 4*d - 2*v. Suppose d = -12*w - w + 858. What is the tens digit of w?
6
Let q(f) = 23*f**2 - 2*f - 3. What is the units digit of q(-2)?
3
Let m(f) = f**3 - 2*f**2 - f - 22. Let r be m(0). Let l(g) = -2*g**2 - 5*g - 7. Let c be l(-5). Let t = r - c. What is the units digit of t?
0
Let o = 113 - -576. What is the hundreds digit of o?
6
What is the units digit of ((-812)/(-145))/((-6)/(-5) - 1)?
8
Suppose -p - 50 = 3*d + 131, -3*d - 3*p = 171. What is the hundreds digit of -2*(d/3)/(4/12)?
1
Let w = -1087 + 2292. What is the thousands digit of w?
1
Let c(q) = 3*q**2 - 13*q - 6. Let z be c(11). Suppose -3*t = -3*w + t + 163, 2*t + z = 4*w. What is the tens digit of w?
5
Suppose -60*i = -212422 - 62198. What is the hundreds digit of i?
5
What is the hundreds digit of 1 - 480*4*(-4 + 2)?
8
Suppose 0*n = n + 3*x - 106, -2*n + 191 = -x. Suppose -13*d = -14*d + 5. Suppose -n = -d*m - 7. What is the units digit of m?
8
What is the tens digit of (4 - 9625/(-14))*(-16)/(-12)?
2
Let s = 696 - 24. What is the units digit of s?
2
Let c(w) = 55*w**2 - 4*w - 16. What is the units digit of c(-4)?
0
Let h be 0 + 3 + 1 + 2. Suppose 0 = -h*a + 194 + 136. What is the units digit of a?
5
Let y = 63 + -72. What is the units digit of (-5 + 1)*y*387/172?
1
Suppose -3*u = -898 + 202. Suppose 72 = 2*m - u. Suppose 0 = -5*j + 3*a - 0*a + m, -5*j + a = -144. What is the units digit of j?
8
Let c(b) be the third derivative of b**8/6720 - b**7/5040 - b**5/12 + 14*b**2. Let r(x) be the third derivative of c(x). What is the units digit of r(-1)?
4
Let z(o) = o - 3. Let q = -14 + 22. Let k be z(q). Suppose 0 = 2*p - 2, -5*j + k*p = -170. What is the units digit of j?
5
Let p be (-8)/3*(45/2)/3. What is the tens digit of (-6)/(-15) - (-4)/(p/(-133))?
2
Let m(l) be the second derivative of l**4/2 - l**3/3 + 3*l**2/2 + 15*l. What is the tens digit of m(4)?
9
Suppose -5*z + 5*a + 0*a = -760, -3*a = 3*z - 474. Let x = 321 - z. What is the tens digit of x?
6
Suppose -h = -f - 2, 5*f - 10 = -h + 4. Suppose -o + 875 = h*o. What is the hundreds digit of o?
1
Let z be (0 + -3 - -1) + 1. Let i be 1 - 4/(-4) - z. What is the units digit of 30/(i/(10 + -4))?
0
Let i be 1/((-2172)/(-2168) - 1). Suppose -4*h - 2*x = -x - i, -5*x = 4*h - 534. What is the tens digit of h?
3
Suppose 3*a - 5*w = 7, 4*w + 8 = 2*a - w. Let t(n) = -97*n**3 - n**2 + n + 1. What is the tens digit of t(a)?
9
Let j = -390 + 260. What is the units digit of (4 + j/25)*460/(-6)?
2
Let p(g) = 2*g**2 - 5*g + 12. Let x(k) = -3*k**2 + 6*k - 11. Let w(d) = 4*p(d) + 3*x(d). What is the tens digit of w(0)?
1
Let z(r) = -r**3 - 14*r**2 + 11*r + 10. Suppose 7*k + 70 + 35 = 0. What is the tens digit of z(k)?
7
Let p = -34 - -51. Let z = p - 11. Suppose 1 - z = -s. What is the units digit of s?
5
Let r = 147 + -157. Suppose 2 = -4*x - 34. Let o = x - r. What is the units digit of o?
1
Suppose -j = r - 285, 6*j - 5*r - 1445 = j. What is the tens digit of j?
8
Let h(o) = 10*o - 4. Let r be h(4). Let u = -24 + r. What is the tens digit of 332/24 - (-2)/u?
1
Suppose 4*k = -5*j - 4, 0 = j - 2*j - 4. Suppose -1 = -p - 2*c, 3*c = k*p - 5*p - 3. What is the units digit of -3*((-84)/p + -2)?
4
Let s = 16 + -11. Suppose 0 = 5*j - s. What is the units digit of 0 - (j - 28) - -1?
8
What is the hundreds digit of 618/(7 + -5) + 1?
3
Let g = 26 + -36. What is the units digit of (-95)/g - 1/2?
9
Let a = 644 - 255. What is the units digit of a?
9
Let s(f) = 8*f - 40. Let j(u) = u**2 - 4*u + 8. Let v be j(6). What is the hundreds digit of s(v)?
1
Let c(d) = d**3 - 23*d**2 + 21*d + 71. What is the thousands digit of c(26)?
2
Let q = -88 + 652. What is the tens digit of q?
6
Suppose 2*p + 0*p = -6*p. Suppose p = 3*d + y - 812, -4*y = -2*y - 4. What is the units digit of d?
0
Let u = 1296 - 1150. What is the tens digit of u?
4
Let t be 3 + ((-2)/2 - -1). Suppose 2*a = -t*k + 893, -5*k = a - 0*a - 1486. What is the hundreds digit of k?
2
Let s = -44 + 1091. What is the tens digit of s?
4
Let g(o) = 51*o + 1523. What is the units digit of g(0)?
3
Let i(h) be the third derivative of 17*h**4/24 - 5*h**3/2 + 10*h**2. What is the tens digit of i(5)?
7
Let d = -8 - -11. Suppose -6 = d*n - 2*n. What is the units digit of -7 - n - (-21 + 1)?
9
Let l(k) = -k**3 - 8*k**2 - 6*k + 10. Let v be l(-7). What is the units digit of (-4 - 15/(-1)) + v?
4
Let t(z) = -2*z + 10. Let n be t(7). Let j be n*4/(-8) - 20. Let q = -5 - j. What is the units digit of q?
3
Let l be (-9 + -13)/((-2)/1). What is the units digit of -49*l/(77/(-18))?
6
Let j(t) = 3*t**2 - 30*t - 162. What is the thousands digit of j(-25)?
2
Let q(w) = 20*w - 1 + 8*w - 2*w - 6. What is the tens digit of q(4)?
9
What is the units digit of (-2)/(-3) + (-19)/((-114)/104)?
8
Suppose u + a - 698 = 0, -u + a + 1169 = 461. What is the hundreds digit of u?
7
Suppose 10*d = 1187 + 5893. What is the hundreds digit of d?
7
Suppose 2*f + 4*z + 20 = 0, -3 = -2*f - f + 5*z. What is the tens digit of -55*(6/2 + f)?
5
Let g = 85 - -51. What is the units digit of 1/(1/(g/140) - 1)?
4
Let l = 5226 + -2342. What is the tens digit of l?
8
Let y(x) = -3 + 7*x**2 - x**2 + 2*x**2 - 10*x + x**3. Let d be y(-9). What is the units digit of (d/24)/((-2)/(-24))?
3
Let i(y) = 6*y + 26. Let o be i(-4). Let z(v) = -v**2 - 19*v - 13. Let w be z(-16). Let p = o + w. What is the tens digit of p?
3
Let w = 52 - 16. Suppose 0*p + 234 = 3*p. Let j = p - w. What is the tens digit of j?
4
Let l be (-22 + -14)*(-16)/(-2). What is the units digit of 1/((-4)/l*4)?
8
Suppose k - 34 = 33. Suppose 3 = 3*f - 6, -2*z + k = 5*f. What is the tens digit of z?
2
Let t be (-94)/4*(5 + (-3 - 0)). Let q = t - -121. What is the tens digit of q?
7
Let c(z) = 6*z**2 - 12*z - 38. What is the tens digit of c(-7)?
4
Let z(y) = -3*y**2 - 30*y - 2. Let f be z(-9). Suppose -f*l = -22*l - 408. What is the hundreds digit of l?
1
What is the tens digit of -9 + 11 - -1*5*20?
0
Suppose h - 2*a - 61 = -5*a, -5*a + 163 = 3*h. Let d be 8/(-3)*(-15)/10. Suppose d*t = h + 38. What is the units digit of t?
1
Let l = 619 - 323. What is the hundreds digit of l?
2
Let c = -267 + 1085. What is the units digit of c?
8
Let u be 0*(2/4 - 0). Suppose 0*s - r - 4 = -2*s, u = 4*r + 16. Suppose s = 4*t - 84 -